be the third derivative of -h**4/24 - 4*h**3/3 - 3*h**2 + 8. Let j(z) = -2*z - 10. Let w(p) = -5*j(p) + 6*v(p). What is w(-3)?
-10
Let i(d) = d**3 + 8*d**2 - 3*d - 14. Let h be i(-8). Suppose 3*c = -2*c - 4*m - 20, 5*c = -2*m - h. Let p(j) = -j - 11. Determine p(c).
-11
Let h(u) = 0*u + 1 - 4 + u + 5. Let y(n) = 2*n - 11 - 6*n - 7. Let j be y(-4). Calculate h(j).
0
Let r(d) = 4*d**3 + 9*d**2 + 6*d + 9. Let v = 202 + -206. Let o(y) = -5*y**3 - 10*y**2 - 7*y - 10. Let p(k) = v*r(k) - 3*o(k). Determine p(-6).
12
Suppose -5*d - 20 = -2*z - 1, -d = -5*z + 13. Let p(l) = -12*l**2 + 6*l**2 + 2*l + l + 3*l**z + l**3 - 2. What is p(2)?
0
Let n(g) be the second derivative of g**5/10 - g**4 + 13*g**3/6 - 11*g**2/2 + 1771*g. Calculate n(5).
4
Let j(h) = h - h**3 - 134 - 8*h**2 + 115 + 10. Determine j(-9).
63
Let c(k) = k**3 + 17839*k - 17835*k - 20 + 0*k**3 + 10*k**2. Give c(-9).
25
Let t(j) be the first derivative of -j**4/4 + j**3/3 - j**2/2 - j + 542. Calculate t(0).
-1
Let s(w) = -w**3 + 9*w**2 - 9*w + 10. Let x be (28 - (7 - 4))*(-3)/(-5). Suppose 14*y = x*y + 40. Let f = y - -48. Give s(f).
2
Suppose 0 = 4*b - 3*b + b - 8. Let r(m) = m**2 - 4*m - 4. Calculate r(b).
-4
Let i = 619 - 619. Suppose 5*z - 27 = 2*a, i = 4*z - 7*z + 4*a + 19. Let m(t) = t**3 - 7*t**2 + t - 5. Give m(z).
-50
Let z(r) = 564495 + 564508 + 2*r + r**2 - 1128998. Let y(k) = -k**3 - 5*k**2 - 2*k + 2. Let h be y(-2). Determine z(h).
29
Let p(i) = 2*i**2 + 2*i + 57. Let v be 2/(-11) - (-5 - (-53)/11). Let r be p(v). Let c(w) = 0*w**3 - 66*w + w**3 + r*w + 9*w**2. Calculate c(-10).
-10
Let x(y) = -y**3 - 3319*y + 3 - 1 + 3321*y + 8*y**2. Calculate x(9).
-61
Let k(p) be the third derivative of -p**8/336 - p**5/120 - 7*p**4/12 - p**3/6 + 191*p**2. Let z(j) be the second derivative of k(j). Determine z(-1).
19
Let k(c) = -2*c**2 + 10*c - 38. Let i(t) = -5*t**2 + 28*t - 110. Let d(a) = 3*i(a) - 8*k(a). Give d(-5).
-21
Let x(w) = 4*w**2 - 9*w + 2. Let f(t) = -t**2 + 2*t - 1. Let g(m) = 15*f(m) + 4*x(m). Let p(a) = 3*a - 4. Let d be p(4). Suppose n - d = -2. What is g(n)?
-7
Let w(n) = -63*n**3 - 7*n**2 + 77*n - 15. Let z(q) = 62*q**3 + 6*q**2 - 68*q + 13. Let y(g) = -8*w(g) - 9*z(g). Determine y(1).
-53
Let y(k) = -31*k - 6. Let f(x) be the second derivative of 31*x**3/6 + 7*x**2/2 + 85*x - 1. Let h(d) = -5*f(d) - 6*y(d). Give h(-1).
-30
Let v(n) = -n**3 + 2*n**2 + 146*n - 30. Let t be v(13). Let h(p) = -12*p**2 + 19 + 13*p**2 + 21 - 14*p. What is h(t)?
-5
Let i(v) be the first derivative of -v**4 + v**2/2 + 29*v - 111. Let h(l) be the first derivative of i(l). Let p = 1 + -2. Calculate h(p).
-11
Let v(d) = 6*d**2 + 3*d - 4. Suppose 2*u - 16 = 15*u + 10. Give v(u).
14
Let l(q) = q**3 + 12*q**2 - 51*q - 331. Let i be l(-14). Let m(t) = -t**2 - 3*t + 53. Determine m(i).
-1
Let f(r) be the first derivative of r**4/4 - r**3/3 - r**2 + 28*r - 3595. Give f(0).
28
Suppose 3*p - 10 = -2*p. Let v(m) = 4*m - 5*m - 2 + 10*m - p*m**2. Give v(5).
-7
Let v be 20/(-2) + (14/6 - (-4)/(-3)). Let p(h) = 12*h + 12. Give p(v).
-96
Suppose -7*l - 51 = -65. Let d(s) be the third derivative of s**6/60 - s**4/24 - s**3/6 + 135*s**2. What is d(l)?
13
Let s(f) be the third derivative of -44*f**2 + 1/60*f**5 + 1/12*f**4 + 0 + 1/3*f**3 + 0*f. Give s(3).
17
Let t be (-30)/(-126)*99 + (-6)/(-14). Suppose 0 = 2*b - v - 32, 2*v = -5*b - v + 102. Let i = t - b. Let z(o) = 2*o - 9. What is z(i)?
3
Let g be 12/21*14/4. Suppose -2*b + 2*q = 24, 0 = g*b + 5*q - 12 + 1. Let w(o) = -10 + 7*o + 14 + o**2 - 13. Calculate w(b).
-9
Let g(y) = y**3 + 27*y**2 + 28*y + 58. Let x = 11492 - 11518. Give g(x).
6
Let z(h) = -11*h**2 - 3*h + 3. Let u(k) = -3*k**2 + k + 1. Let t(b) = -4*u(b) + z(b). What is t(7)?
-1
Let i(v) = 3*v - 2. Let l be (-9 + -1)*94*8/(-8). Let a be l/(-423) + 2/9. What is i(a)?
-8
Let o be 81/6*(-40)/(-180). Let j(b) be the first derivative of b**4/4 - 4*b**3/3 + 2*b**2 - 13. Determine j(o).
3
Let s(a) = -2*a**3 - a**2 + 2*a - 1. Let j(u) = -23*u - u**2 + 19*u + 18*u - 29. Let c be j(7). Let q be c/24 + ((-4)/24)/(-1). What is s(q)?
-2
Let q(o) = o**2 - 7*o - 55. Let a(t) = -36*t - 2814. Let j be a(-78). Determine q(j).
23
Let c = 2866 - 2873. Let g(l) = 8*l + 63. What is g(c)?
7
Let q(t) be the second derivative of t**4/12 - 5*t**3/6 + t**2 - 2*t - 8. Determine q(5).
2
Let l = -214 - -217. Let n(m) = -4 - m**2 + 73*m**3 - 4*m - 144*m**l - 3*m**2 + 72*m**3. Determine n(4).
-20
Suppose -269 - 459 = 182*r. Let u(t) = -5*t**2 + t - 12. What is u(r)?
-96
Let w = 8309 + -8308. Let p(s) = 2*s**3 - 3*s**2 + 4*s - 1. Determine p(w).
2
Suppose 10*v - 14*v + 20 = 0, -21 = -3*c - 3*v. Let u(b) = 3 - 2*b + 51*b**2 - 24*b**2 - 31*b**2 + 3*b. Calculate u(c).
-11
Let f(k) = -k + 8. Let p = -403 - -406. Suppose p*h + 9 = -g, 4*h - 26 = 5*g - 0*h. Calculate f(g).
14
Suppose 5*w - 5 = -4*o, -2*w + 4*o + 0*o + 2 = 0. Let l be (1 + (-10)/4)*(0 - 2). Let d(t) = -1 + 222*t**l - t**2 + 2*t + 219*t**3 - 448*t**3. Give d(w).
-7
Let y(k) = -k**2 - 2*k - 5. Let d(q) = -q**2 - 2*q - 4. Suppose -v = 3*r + 16, -3*r + 5*v = -r + 39. Let m(h) = r*d(h) + 6*y(h). Calculate m(-4).
6
Let i(o) = 394*o**2 + 10*o - 5 - 731*o**2 + 335*o**2. What is i(3)?
7
Let n be (-9350)/(-1683) - (-44)/18. Let i(k) = 7*k - 19. Let a(t) = -t + 1. Let x(o) = 6*a(o) + i(o). Determine x(n).
-5
Let i(f) = 3*f - 9. Let g be i(-17). Let t = 53 + g. Let n(h) = 6*h**3 - 5*h**3 - 7*h - 28 + 28 + 6*h**2. Calculate n(t).
0
Let j(t) = -5*t + 1. Suppose 0 = -a + 5*s - 5 - 189, -4*s + 582 = -3*a. Let g = a - -193. Determine j(g).
6
Let q(f) = f**3 + 7*f**2 + 9*f + 4. Suppose -2681*z + 2662*z - 90 = 24. What is q(z)?
-14
Let z(c) = c**2 - 6*c - 21. Let y = 195 + -159. Suppose -4*a - 3*i = -y - 9, 18 = 3*a - 3*i. Give z(a).
6
Let j(m) = -m**3 + 42*m**2 - 8*m + 326. Let p be 68/(-8)*13104/(-2652). Calculate j(p).
-10
Suppose 5*s = -5*x - 225, 6*x + 5*s + 185 = 2*x. Let q be 4/12 + 212/(-6). Let j = q - x. Let w(l) = -l**2 + 5*l + 7. Give w(j).
7
Let y(u) = -u**3 + 4*u**2 + 9*u + 9. Suppose 3*v = 3, -4*v + 29 = -27*c + 32*c. Give y(c).
29
Let j(g) = -11*g - 26. Suppose 57 - 61 = 2*o, 0 = -2*z + o - 4. Determine j(z).
7
Let w be (-33)/77*42/(-2). Let b(q) = -4*q**2 + 38*q - 13. Let v be b(w). Let x(n) = n + 6 + 0*n + n - v. What is x(6)?
13
Let i(q) = -24*q**2 + 2*q + 3. Let r = 8558 - 8559. What is i(r)?
-23
Let r(y) be the third derivative of -1/8*y**4 - 1 - 12*y**2 + 0*y - 5/6*y**3 - 1/60*y**5. Calculate r(-6).
-23
Let y(w) = -11*w - 32. Let k = 11825 + -11829. What is y(k)?
12
Let m be 8/36 + (-43)/(-9). Let w(g) be the second derivative of g**5/20 - g**4/3 - 4*g**3/3 + 7*g**2/2 - 1256*g. Give w(m).
-8
Let n(o) = -o**2 + 2*o + 27. Let k(d) = -2*d**2 + 5*d + 58. Let r(w) = 6*k(w) - 13*n(w). Determine r(-10).
57
Let f be ((-9)/8)/(18/(-12))*(48 - 52). Let t(z) = 9*z - 4. Calculate t(f).
-31
Let h(j) be the third derivative of -j**4/24 + 9*j**3/2 + 11*j**2 + 2*j. What is h(0)?
27
Let r(i) = i**2 - 4. Let f be r(4). Let t be (30/f)/((-5)/10). Let c(d) = -3*d - 1. Calculate c(t).
14
Let c(r) = -r**2 + 7*r - 9. Suppose -5*a - 1 = 4*t - 26, 5 = -2*t + a. Suppose 2*i + 66 - 80 = t. What is c(i)?
-9
Let c(k) = -k**3 + 22*k**2 - 41*k + 15. Let d = 2370 + -2350. Determine c(d).
-5
Suppose 3*d - 3*r = -6*r + 3, 2*r + 19 = 5*d. Let m(j) be the second derivative of 1/12*j**4 + 0*j**d - j**2 + 0 - 29*j. Determine m(3).
7
Let z = -203 - -207. Suppose -z*a + 15*a + 11 = 0. Let d(b) = 4*b**2 - b. Determine d(a).
5
Let s(k) be the second derivative of -61*k**3/6 + 302*k**2 - 122*k + 5. Calculate s(10).
-6
Let h(a) = 12*a - 13. Let r be h(1). Let y be (1 - 15) + (2/2 - r). Let n(x) = x**3 + 13*x**2 + 14*x + 14. Give n(y).
-10
Let h(f) = -f + 3. Let q(l) = -2*l + 8. Let o(m) = 8*h(m) - 3*q(m). Suppose -3*s + 2 = -2*s. Suppose -2*c - 4 = -5*b - 0*b, -16 = -4*c - s*b. Give o(c).
-6
Let s(f) = -f**3 + 10*f**2 - 8*f - 3. Suppose 0 = -4*b - 5*b + 2385. Let u = 274 - b. What is s(u)?
6
Suppose 0 = -4*s - 5*g + 37 - 47, 4*s - 5*g + 70 = 0. Let t(w) = w**3 + 9*w**2 - 6*w + 22. Calculate t(s).
-18
Let f(o) = -o**2 + 9*o + 23. Suppose -6*n + 9*n - 260 + 239 = 0. What is f(n)?
37
Suppose -21 + 25 = -4*h. Let t(k) be the third derivative of -17*k**5/60 + k**4/24 + k**3/6 + 18*k**2. Calculate t(h).
-17
Let w(g)